he highest common divisor of 18968 and 10?
2
Calculate the greatest common factor of 5670 and 32648.
14
What is the greatest common divisor of 6064 and 100?
4
Calculate the greatest common divisor of 1590 and 64236.
318
What is the greatest common factor of 44830 and 10?
10
Calculate the greatest common factor of 1790100 and 936.
468
What is the highest common divisor of 506 and 46?
46
Calculate the greatest common divisor of 11 and 1747933.
11
What is the highest common divisor of 26201 and 3192?
133
What is the highest common factor of 45450 and 819?
9
Calculate the highest common factor of 13356 and 29448.
36
What is the highest common factor of 1785 and 7515?
15
What is the highest common divisor of 441 and 15288?
147
Calculate the highest common divisor of 312 and 382200.
312
Calculate the highest common divisor of 477744 and 14208.
1776
Calculate the highest common divisor of 1485 and 6372.
27
Calculate the greatest common factor of 17952 and 120054.
1122
Calculate the greatest common factor of 1408 and 17776.
176
What is the highest common factor of 143710 and 280?
70
Calculate the highest common factor of 207168 and 2912.
416
Calculate the greatest common factor of 942 and 65469.
471
Calculate the highest common factor of 59072 and 12.
4
Calculate the highest common divisor of 82 and 7913.
41
What is the highest common factor of 118 and 120832?
118
What is the highest common divisor of 2343714 and 24?
6
Calculate the highest common factor of 110 and 26485.
5
Calculate the highest common factor of 85 and 445.
5
Calculate the highest common divisor of 3795 and 169395.
345
Calculate the greatest common divisor of 3249 and 28044.
171
Calculate the greatest common divisor of 865951 and 535.
107
What is the greatest common divisor of 18468 and 5700?
228
What is the greatest common divisor of 13 and 19539?
13
Calculate the greatest common divisor of 7823104 and 256.
256
Calculate the highest common factor of 2085 and 750.
15
Calculate the greatest common divisor of 48041 and 133.
7
What is the greatest common factor of 2473925 and 1275?
425
Calculate the greatest common factor of 279 and 679055.
31
Calculate the highest common factor of 14328 and 984.
24
What is the greatest common divisor of 52 and 322972?
52
Calculate the greatest common divisor of 3679 and 2547.
283
Calculate the greatest common factor of 959057 and 22.
11
What is the highest common factor of 52362 and 18?
18
Calculate the greatest common divisor of 24925 and 625.
25
What is the greatest common factor of 1481761 and 89?
89
What is the greatest common factor of 10802 and 1881?
11
Calculate the greatest common factor of 24 and 93927.
3
Calculate the highest common divisor of 18961 and 17263.
283
Calculate the greatest common factor of 240 and 38960.
80
What is the greatest common factor of 14546 and 20468?
14
What is the greatest common divisor of 1676 and 1009790?
838
Calculate the highest common factor of 140 and 1583050.
70
What is the highest common divisor of 11848034 and 22?
22
What is the greatest common factor of 61 and 572851?
61
What is the highest common factor of 7981256 and 302?
302
Calculate the greatest common factor of 124936 and 3496.
184
Calculate the greatest common factor of 1249 and 16.
1
What is the greatest common divisor of 100977 and 3007?
97
Calculate the highest common divisor of 1869 and 16002.
21
Calculate the greatest common divisor of 108 and 23268.
12
What is the highest common factor of 70140 and 90?
30
What is the highest common factor of 82467 and 306?
153
What is the greatest common factor of 63 and 1017?
9
Calculate the greatest common factor of 17493 and 3451.
119
Calculate the highest common divisor of 1263308 and 472.
236
Calculate the highest common factor of 418 and 61237.
209
What is the greatest common divisor of 1932 and 408296?
644
Calculate the greatest common factor of 1562 and 7171.
71
What is the greatest common factor of 684 and 2232?
36
Calculate the greatest common divisor of 3899 and 2785.
557
Calculate the highest common factor of 109369 and 25051.
611
What is the greatest common factor of 215024 and 10570?
302
Calculate the highest common divisor of 663 and 342669.
51
Calculate the greatest common divisor of 1520 and 285.
95
What is the highest common divisor of 152 and 8104?
8
Calculate the highest common divisor of 51 and 77367.
51
Calculate the greatest common factor of 199628 and 39.
13
Calculate the highest common divisor of 246 and 1847091.
123
Calculate the highest common factor of 2184653 and 68.
17
Calculate the greatest common divisor of 182 and 7672.
14
What is the greatest common factor of 5968 and 251402?
746
Calculate the highest common divisor of 1026228 and 84.
84
Calculate the greatest common factor of 56980 and 259.
259
Calculate the greatest common factor of 63 and 646317.
63
Calculate the greatest common divisor of 147 and 978873.
147
Calculate the highest common divisor of 833 and 150535.
119
Calculate the highest common factor of 118536 and 49632.
264
Calculate the highest common divisor of 685256 and 2024.
88
What is the highest common divisor of 6292 and 28?
4
What is the greatest common divisor of 4 and 30236?
4
Calculate the highest common factor of 19921428 and 197.
197
Calculate the highest common factor of 28 and 52176.
4
Calculate the greatest common factor of 26730 and 5610.
330
What is the highest common divisor of 3283 and 1127?
49
What is the greatest common divisor of 7476710 and 530?
530
What is the highest common divisor of 2660542 and 202?
202
Calculate the greatest common divisor of 159363 and 9.
9
What is the highest common factor of 4346 and 954?
106
What is the highest common divisor of 12 and 172290?
6
Calculate the greatest common divisor of 174 and 500946.
174
Calculate the greatest common factor of 230 and 6459780.
230
Calculate the greatest common divisor of 6692 and 140.
28
Calculate the highest common factor of 3171 and 3624.
453
What is the greatest common divisor of 166 and 199200?
166
Calculate the greatest common divisor of 3091248 and 432.
144
What is the greatest common divisor of 142186 and 23?
23
What is the highest common divisor of 184 and 2132?
4
Calculate the highest common divisor of 135354 and 102.
102
Calculate the highest common divisor of 55430 and 805.
115
What is the highest common factor of 2016 and 4672?
32
What is the greatest common divisor of 50209 and 87653?
851
What is the highest common factor of 76095 and 11125?
445
Calculate the highest common factor of 15 and 275475.
15
What is the greatest common divisor of 1069 and 3?
1
Calculate the greatest common divisor of 246144 and 480.
96
What is the greatest common divisor of 258300 and 675?
225
What is the highest common divisor of 625 and 110000?
625
What is the highest common divisor of 34207 and 158?
79
Calculate the highest common factor of 310 and 290.
10
Calculate the greatest common factor of 484 and 359612.
484
What is the highest common factor of 109616 and 2480?
496
Calculate the greatest common divisor of 374478 and 2964.
78
What is the highest common divisor of 10 and 415430?
10
Calculate the highest common divisor of 312 and 36582.
78
Calculate the greatest common divisor of 105 and 32253.
3
What is the greatest common divisor of 3746 and 4013839?
1873
What is the highest common factor of 169 and 121199?
13
What is the highest common divisor of 30 and 71970?
30
Calculate the greatest common divisor of 10945 and 175.
5
What is the highest common divisor of 40692 and 48?
12
Calculate the greatest common divisor of 102 and 199444.
34
Calculate the highest common divisor of 5833 and 2128.
19
What is the highest common divisor of 330 and 12507?
33
What is the highest common factor of 139470 and 15?
15
What is the greatest common factor of 69091 and 1331?
121
Calculate the greatest common factor of 37 and 203611.
37
What is the highest common factor of 2103 and 119170?
701
Calculate the greatest common factor of 63699 and 102.
51
What is the highest common factor of 53867 and 341?
11
What is the greatest common divisor of 8866 and 52?
26
What is the highest common factor of 289180 and 60?
20
What is the greatest common factor of 456224 and 530?
106
Calculate the highest common factor of